 the tens digit of z?
2
Let n(g) = 18*g**2 + 19*g - 8. What is the tens digit of n(-3)?
9
Let s = 244 - 152. What is the units digit of s?
2
Let s = 1033 - 160. What is the hundreds digit of s?
8
Let t be 1/2*(-9 + -5). Let k be t/(-2) + 9/18. What is the units digit of k/4*(-86)/(-2)?
3
Suppose -4*q = -2*w + 616, -5 = -q - 0*q. What is the hundreds digit of w?
3
What is the units digit of (27/6)/(24/992)?
6
Let h be ((-64)/(-6) - 2) + 16/(-24). Let z(v) = v**2 + 3*v - 13. What is the tens digit of z(h)?
7
Suppose -5*c + 24 = -0*l + 2*l, 0 = -3*c. Suppose 0 = 11*s - l*s + 39. Suppose -5*d + 224 = s. What is the tens digit of d?
3
Let d(c) = 2*c + 4. Let s be d(-5). Let n(g) = -24*g + 50. What is the hundreds digit of n(s)?
1
Let l(u) = -5*u**2 - 28*u - 16. Let g be l(-8). Suppose 6 - 164 = -q. Let s = q + g. What is the tens digit of s?
4
Let j(s) = 100*s**2 + 3*s - 22. What is the tens digit of j(-5)?
6
Suppose -54132 = -95*t + 83*t. What is the thousands digit of t?
4
Suppose 0 - 12 = 4*x, 0 = -4*c + x + 1135. Suppose -p + w + 113 = p, -3*w = -5*p + c. Suppose 28 = 4*j - p. What is the units digit of j?
1
Suppose 5*r = 1 + 19. Let g(w) = 3*w**2 - w - 3. Let c(m) = 4*m**2 - 2*m - 2. Let k(j) = 4*c(j) - 5*g(j). What is the units digit of k(r)?
1
Let g(q) = q**2 + 14*q + 2. Let p be g(-14). Suppose 7*o - p*o - 95 = 0. What is the tens digit of o?
1
Let n = 53 + -49. What is the hundreds digit of -3 - (n/1 + -129)?
1
Let m(i) = -62*i + 290. What is the tens digit of m(-23)?
1
Let w = 310 + -97. What is the units digit of w?
3
Let o = 28 + -30. Let n be (1/o)/((-3)/24). Suppose -n*h = -x + 65, 72 = x - h + 13. What is the units digit of x?
7
Let r = 81 + -53. What is the tens digit of r/(-42)*78/(-2)?
2
Let j be 4/(-3)*6/(-4). Let v(g) = -g**2 - 2*g - 2. Let i be v(-1). What is the tens digit of 3 - -33*(j + i)?
3
Let n be -4 - (6/2 + -7). Suppose 0 = 2*q + 3*q - 2*o - 194, -4*q + 2*o + 154 = n. What is the units digit of q?
0
Let n(s) = -38*s + 188. What is the hundreds digit of n(-38)?
6
Let b(h) be the third derivative of h**6/120 - h**5/60 + h**4/24 + h**3/2 - 7*h**2. Let f be b(0). What is the tens digit of 27 + f + -3 + 0?
2
Let b(p) = 13*p - 15 - 7*p + 7*p. What is the tens digit of b(5)?
5
Suppose -25*g - 54*g = -92351. What is the units digit of g?
9
Let o be (20 + -19)/(1/(-113)). Let h = 59 - o. What is the tens digit of h?
7
What is the units digit of (7 - -990) + -1 + -1?
5
Let t(q) = -10*q**2 + q. Let a(w) = 20*w**2 - 2*w. Let b(l) = -6*a(l) - 13*t(l). Let c be b(1). Let x(f) = f**2 - 8*f + 11. What is the tens digit of x(c)?
2
Suppose 0 = 4*b - 4*c - 11240, -112*b + 8446 = -109*b + c. What is the units digit of b?
4
Let c(a) = a. Suppose -3*v - 58 = 5*t, -3*v + 6*v - 5*t = -8. Let u be (-172)/(-22) + (-2)/v. What is the units digit of c(u)?
8
Suppose 12 = -4*n, -3*n - 599 = 2*o - 2210. What is the tens digit of o?
1
Let a be 2*(-71)/2*1. Let w = -50 - a. What is the units digit of w?
1
What is the units digit of (7421/(-84) - (-2)/21)*-8?
6
Let c be 24 + 15/(-5) + 1. Let f = c + -22. Suppose -5*k - 4*d + 342 = f, -2*d = 2*k - 3*d - 129. What is the units digit of k?
6
Let p(d) = 124*d**3 + d**2 - 7*d + 6. Let h be p(1). Let z = 127 - h. What is the units digit of z?
3
Let b = 458 + 2. What is the units digit of b?
0
Suppose x + 3 = u - 2*x, -u - 4*x = 4. Suppose 0 = b - y - 4*y + 30, u = -4*b + 3*y - 86. What is the units digit of b/35 - 32/(-7)?
4
What is the units digit of 623 + (7 - (-1 + 4))?
7
What is the tens digit of -3 + 6 - ((-6)/(-6) + -309)?
1
Suppose 2*s = -14*s - 80. Let m(l) = -5*l - 8. What is the units digit of m(s)?
7
Suppose 4*s - 102 = -2*s. Let p(f) = -f**2 + 18*f - 12. Let r be p(s). Suppose -3*h + 3*i + 133 = 4*i, -5*h - r*i = -205. What is the tens digit of h?
4
What is the units digit of (53886/78 - -5) + 6/39?
6
What is the units digit of (28/(-42))/(((-10)/(-1233))/(-5))?
1
Let w = 230 - 110. What is the tens digit of w?
2
Let s(i) = 2*i - 1. Let u be s(1). Let g be -1 - (102*u)/(-2). Suppose -b - 20 = -3*q + q, -5*q - 2*b = -g. What is the tens digit of q?
1
Let f(w) = 371 - 4*w + 2*w**2 - 359 - 2*w. What is the hundreds digit of f(-7)?
1
Let n(z) = z**2 - 6*z + 1. Let y be n(5). What is the tens digit of ((-34)/6)/(y/(-108))*-1?
5
Suppose 2 = -4*u + 22. Suppose -j = -5*z + 739, -3*z + 2*j = -z - 302. Suppose 4*l + 2*o = 154, -5*l + u*o + 38 = -z. What is the units digit of l?
8
Let n(x) = -2*x - 6*x + 1 + 4*x. Let b be n(1). What is the units digit of b/(66/(-21) + 3)?
1
Suppose 4*h - 18*h = -6356. What is the tens digit of h?
5
Let p(w) = w**2 - 6*w. Let z be p(4). Let b(a) = a**2 + 9*a - 11. Let j be b(-10). What is the tens digit of (45/12)/(j/z)?
3
Suppose -5*f = -55 - 30. Let c be (1 - f)/(4/6). What is the units digit of (c/(-15))/((-1)/(-5))?
8
What is the units digit of (2076/(-10))/(1342/(-165) + 8)?
7
Let r = 16 + -12. What is the tens digit of ((-296)/r)/((-3)/(-6) + -1)?
4
Suppose 3*m = -5*l + 2*m + 2666, -l - 3*m = -536. What is the tens digit of l?
3
Let r(h) = 6*h - 21. Let o(s) = 2*s - 7. Let k(c) = 7*o(c) - 2*r(c). Let z be k(7). What is the units digit of (-55)/(-2) - z/(-14)?
8
Suppose -67 = -8*t + 181. What is the tens digit of (t/7 - 1)*56?
9
Suppose 3*j - 1125 = -5*a, 5*a - 82 = -2*j + 1038. What is the units digit of a?
2
Let j = -30 + 35. Suppose 0*u - 5*t = -j*u + 325, 0 = 5*u + 5*t - 285. What is the tens digit of u?
6
Let d(r) be the first derivative of 5*r**3/6 - 4*r**2 - 3*r - 3. Let n(t) be the first derivative of d(t). What is the tens digit of n(6)?
2
Let w be ((-28)/4)/(1*(-3)/162). Let p = w - 246. What is the units digit of p?
2
Suppose -4654 = -2*n - 0*n - g, 3*g + 9298 = 4*n. What is the tens digit of n?
2
Suppose -m + d - 1 = 7, -2*d - 2 = 0. What is the tens digit of 0 - (m/(-2))/((-3)/54)?
8
Let c = 778 + 303. What is the hundreds digit of c?
0
Let b(q) = -q**2 - 9*q - 6. Let i be b(-8). Let m be 4*(25/5 - i). Let v(l) = l**3 - 12*l**2 + 3*l + 2. What is the tens digit of v(m)?
3
Suppose 3*l + l - 312 = 0. Let q = l - -47. What is the hundreds digit of q?
1
Let t be 8/(5*(-8)/(-20)). Suppose -4*c + 588 = -0*c + 3*z, -t*z = 5*c - 736. What is the hundreds digit of c?
1
Suppose 4*u - 44 = -2*h - 0, -4*h + 99 = -3*u. Let w = 28 - h. Suppose -2*j = -5*c - 142, 0 = w*j - 3*j + 4*c - 71. What is the units digit of j?
1
Let r be (97/(-2))/(2/(-12)). Suppose 0 = 5*i - 6*i - n + r, -2*n + 1156 = 4*i. What is the tens digit of i?
8
Let y be (-253)/(-1) + (0 - -1). Let r = -24 + y. Suppose -2 + r = 4*u. What is the tens digit of u?
5
Suppose -8*g + 4*g = 0. Suppose -162 = -g*y + 3*y. Let m = -24 - y. What is the units digit of m?
0
Suppose -q + 1091 = 12*y - 14*y, 5*q + 3*y - 5429 = 0. What is the thousands digit of q?
1
Let j(p) = -68*p**2 - 1 + 152*p**2 - 54*p**2. What is the tens digit of j(2)?
1
Let p(j) = 10*j - 7. Let m be p(-1). Let l = 63 + m. What is the units digit of l?
6
Let z(g) = -4*g**2 + g - 7. Let y be z(-3). Let c = y + 106. What is the units digit of c?
0
Let z be ((-13)/(-2))/(1/6) + 3. Let s = z - 37. What is the units digit of s?
5
Let m(k) = -k**2 - 6*k - 3. Let p be m(-5). Suppose 0 = p*x - 59 + 13. What is the units digit of x?
3
Let g(r) = -r**2 + 62*r + 29. What is the units digit of g(34)?
1
Suppose -4*z + 5*k - 24 = 0, 5*z + 13 = 2*k - 0*k. Let x be -1 - -3 - (-2 - z). Suppose -2*a + 13 = x*w - 7, 0 = -3*w. What is the units digit of a?
0
Let r = -1 - -25. Let c = 17 - r. What is the tens digit of c/(14/8) - -29?
2
Let s(j) = -j + 17. Suppose -m = 3*p - 17 - 26, 0 = -3*m + 3. Let l be s(p). What is the units digit of (16 - l) + 2 + 1?
6
Suppose 0 = -21*l + 30826 + 11510. What is the tens digit of l?
1
Suppose 4*i = 2*l - 0*i - 1540, 5*l - 3850 = -i. Suppose 0*b = 4*b - 3*d - 754, 0 = -4*b - 5*d + l. What is the hundreds digit of b?
1
Let o(p) = p**3 + 6*p**2 + 4*p - 4. Suppose -n + 3*n - 16 = 0. Let d = -12 + n. What is the tens digit of o(d)?
1
What is the tens digit of 366054/190 + (54/(-15) - -3)?
2
Let z be 1 + (1 - 1) - -1. Suppose z = 3*a - 13. Suppose a = k - 0. What is the units digit of k?
5
What is the hundreds digit of (-6600)/(-12) + (-3)/((-9)/12)?
5
Suppose 3*a = 6 + 21. Let g = a + -7. Suppose z - 11 - g = 0. What is the units 